 of 24432 and p?
48
Let g(y) = 12*y**2 - 6*y + 4. Let m be g(-3). Suppose 5*k = -2*u + 52, 7*k = 5*u + 5*k - m. What is the greatest common divisor of u and 2?
2
Let w = -49 + 129. Let i be 34/((-476)/(-1890)) + 57. Calculate the highest common factor of w and i.
16
Let d = 755 - 365. Let p be 7/(5*70/3000). What is the greatest common divisor of d and p?
30
Let m = -524 - -746. Let a be (m/(-24))/(1/(-52)). Calculate the highest common divisor of 13 and a.
13
Let m be 3*1 + 13750/11 + 22. Let q be -153*((-8)/6 + 1). Calculate the greatest common factor of q and m.
51
Suppose 0 = -5*p + 5*f + 25, -5*p + 1 = -4*p + 3*f. Suppose -2*z + 1444 = -i, -3*i = 5*z - p*z - 708. What is the greatest common factor of 90 and z?
90
Suppose 3*s - 24*f = -19*f + 150, -226 = -4*s - 2*f. What is the highest common divisor of 2255 and s?
55
Let p(n) = -315*n - 2795. Let m be p(-9). What is the greatest common factor of 5560 and m?
40
Let m(u) = -9*u**2 + 6. Let x be m(-2). Let d be (-30)/((-20)/x*(-6)/14). Let l = 145 - 75. Calculate the greatest common divisor of d and l.
35
Let j = -13603 + 13607. Calculate the greatest common factor of 268 and j.
4
Let a = 4 + -142. Let h be (a/3)/((-2)/(-1 - -2)). Suppose 55 - h = 2*l. Calculate the highest common divisor of l and 2.
2
Let v be (2/4)/(-26 - 69900/(-2688)). Calculate the greatest common factor of 32 and v.
16
Let q(p) = 86*p + 235. Let y be q(-14). Let w = y - -991. What is the highest common factor of 594 and w?
22
Let t = -1499 - -2213. What is the highest common factor of 105 and t?
21
Let r be (-6 - -6)/(2 + -4). Let w be 123 + (r/1)/(13 - 14). What is the greatest common divisor of 41 and w?
41
Let n be ((-348)/16)/(18/(-1968)). What is the greatest common divisor of 116 and n?
58
Let a = -467221 - -467249. Let w be ((-3)/(-2))/((-9)/(-84)). Calculate the greatest common factor of a and w.
14
Suppose 1 = -u - 3*d, 0 = -2*u + 4*d - 0 + 8. Suppose 0 = u*a + 4*k - 52, -9 = -a - 5*k + 8. What is the highest common factor of 368 and a?
16
Let o(f) = -f**2 - 2*f + 14. Let h be o(-4). Let y be h/(-12) - 2/((-8)/66). Let w be ((-32)/12)/(1/(-18)). What is the highest common factor of w and y?
16
Suppose 0 = -3*n + 11*h - 9*h + 28, 0 = -2*n + 3*h + 22. Suppose -w = 5*x + n, x + 2*x + 60 = 4*w. Calculate the greatest common divisor of 4 and w.
4
Let s be (-7)/2 + (-1672)/(-176). Suppose -5*w + 9 = -16, 0 = 4*q + w - 113. Calculate the highest common divisor of q and s.
3
Let w(d) = d**3 + 3*d**2 + 9*d + 13. Let k be w(-2). Let g be 2 - -1 - (-21)/k. Let y = 34 + g. Calculate the highest common factor of y and 16.
16
Let h = 59 + 165. Let p be 3 - ((-3 - -10) + -4). Suppose p = -5*y + 4*u + 160, 30 = y - 3*u - 2. What is the highest common divisor of y and h?
32
Let r be 243/1 + 8 + -3. Let f = -225 + r. What is the greatest common divisor of 483 and f?
23
Suppose -6*q + 14*q = -6*q. Suppose -7 = -3*d - 5*n + 7, q = -d + 3*n. What is the greatest common factor of 69 and d?
3
Suppose 0 = -2*l + 10, -c + 4*l - 12 = l. Let x be 54/(-12)*1/(c/(-4)). Let f be 450/27 - 4/x. What is the greatest common factor of 8 and f?
8
Let f = -7482 + 7434. Suppose -3*p - 225 = -45. Let g = f - p. Calculate the greatest common factor of g and 96.
12
Let s be (17/(-34))/((-4)/9416). Calculate the highest common factor of 33 and s.
11
Let k(l) = 2*l - 18. Let u be k(0). Let v be 9/(u/(-4))*99/2. Suppose 113 = 9*a + 32. Calculate the greatest common factor of v and a.
9
Let v = -1724 + 2363. Calculate the greatest common factor of v and 497.
71
Let k(s) = -3*s + 65. Let w be k(24). Let a be (-4)/w - 589/(-133). Calculate the greatest common divisor of 10 and a.
5
Suppose -1 = 3*l - 397. Suppose 6 = 4*t + 2. Let q be (-14 + 2)/(-2 + t). What is the greatest common factor of l and q?
12
Suppose 115 = 5*j - 5*n, 189*j + 44 = 192*j + 2*n. Calculate the greatest common divisor of 4842 and j.
18
Suppose -16 = 29*p - 27*p. Let h be 288/p*38/(-6). What is the greatest common divisor of h and 12?
12
Suppose -h + 49 = 46. Let v(u) = u**2 - u - 3. Let r be v(3). What is the greatest common factor of h and r?
3
Let r be 221088/72 - 25/15. Calculate the highest common divisor of 11 and r.
11
Let d(p) = -5*p**3 + p**2 - 3*p + 1. Let c be d(1). Let a be c/(-16) - 24403/(-184). What is the highest common divisor of 38 and a?
19
Suppose 5*o - 2*o - 114 = 0. Let g = -456 - -1026. Suppose n - 150 + 36 = 4*c, -5*n + g = -2*c. Calculate the highest common factor of n and o.
38
Let g(q) = 8*q + 2 + 0 - 3 - q. Let a be g(7). Suppose -24*j = -36*j + 1440. What is the greatest common divisor of j and a?
24
Let a be 6 + 6/(-3) + 0/3. Let i be 17 - (20/(-8) - 2/a). What is the greatest common factor of i and 110?
10
Let j = 10913 + -10873. Calculate the highest common factor of 42 and j.
2
Suppose 0 = 2*n + 2*n + 24. Let h be n/(-9) + 40/3. Let b be (12 + 0)*(357/h)/17. What is the greatest common divisor of 9 and b?
9
Suppose -2088*q = -1952*q - 5051312. What is the highest common factor of q and 98?
98
Suppose -684 = -11*b + 12285. What is the greatest common divisor of b and 655?
131
Suppose 3*q + 2*z + 10 = 4*q, 4*q - 68 = z. Let v be ((-253)/(-55) - 1)/((-1)/(-15)). What is the highest common divisor of v and q?
18
Let j be (70/4)/(-7)*-2. Suppose j*x = w - 3*w + 45, -5*w - x + 101 = 0. Let i be (20/(-6))/((-4)/18). Calculate the greatest common factor of w and i.
5
Let u be 3 + (-216)/(-24) + 71 + (-18)/6. Suppose -3*z + 30 = j - 8*z, -3*j - 3*z = 0. What is the greatest common divisor of j and u?
5
Let t = -103 - -111. Let j be (-357)/(-68) - 2/t. Calculate the greatest common divisor of j and 10.
5
Let d(b) = 0*b - b**2 - 5*b + 30*b - 38 - 9*b. Let g be d(13). Suppose -4*z - s = -18, 2*z + 0*z + 2 = 5*s. What is the highest common divisor of z and g?
1
Let h be -3*1*(0 + -1). Let z(j) = -81*j**2 - 10*j + 2. Let g be z(3). Let t = 778 + g. Calculate the highest common factor of h and t.
3
Suppose k - 3*o = -7*o + 8, 5*o = -k + 10. Let j(c) = c**3 - c**2 + 2*c - 60. Let u be j(k). Let z = -29 - u. What is the greatest common factor of z and 62?
31
Suppose 0 = -3*m - 155 + 161, -2*m - 18 = -2*z. Calculate the greatest common divisor of 39413 and z.
11
Let k(a) = 2*a**2 + 4*a + 5. Let h be k(5). Suppose 6*f + 625 = 11*f. Suppose 0 = 9*t + 80 - f. Calculate the highest common divisor of h and t.
5
Let h(j) = 10*j - 22. Let f be h(-8). Let q = -90 - f. Let x be 0 + 6 + -2*1. Calculate the highest common divisor of x and q.
4
Let k(c) = 500*c + 10875. Let d be k(0). What is the greatest common divisor of d and 261?
87
Suppose 0 = -5*g - 2*m + 61906, -4*m + 25961 = 2*g + 1221. What is the greatest common divisor of g and 8?
8
Let i(f) be the first derivative of f**4/4 - 5*f**3 + 17*f**2/2 + 22*f - 42. Let o be i(16). Calculate the highest common divisor of 11 and o.
11
Suppose 128*d = -26*d + 927850. Calculate the highest common divisor of 50 and d.
25
Let d = 4196 - 4087. What is the highest common divisor of d and 3161?
109
Suppose 1 = o - 1, o + 3 = w. Suppose w*f - 10*f = -20. Suppose 0*c - c + 10 = -3*l, 0 = -f*c + l + 95. Calculate the highest common divisor of c and 125.
25
Suppose 3*j + 111 = 4*j - 3*g, -132 = -j - 4*g. Suppose 6*a - 150 = j. What is the highest common divisor of a and 495?
45
Let x(p) = p**2 + 30*p + 88. Let s be x(20). Calculate the highest common divisor of 512 and s.
64
Let c be 0/((-6)/(-4)*2). Suppose c = a + a - 6. Suppose -b = -5*o - a*b + 26, 21 = 3*o + 3*b. Calculate the highest common factor of o and 12.
4
Suppose -11524 = -4*w - z, 2*w = z + 258 + 5498. Calculate the highest common factor of w and 420.
60
Let z(s) = 4*s**2 - 36*s + 43. Let g be z(8). Suppose 4*a - 4*o = -92, 4*o - 35 = -0*a + a. Let d = 52 + a. Calculate the highest common factor of d and g.
11
Let x = -380 + 681. Let o = 314 - x. What is the highest common factor of 91 and o?
13
Let x be ((-57060)/330)/(12/(-88)). Calculate the greatest common factor of x and 44.
4
Let k be -6*(2 - 1) - -8. Suppose -4*q = 3*w - 345, 90 = k*w + 5*q - 133. Calculate the highest common divisor of w and 17.
17
Let b(c) = -c**2 + 14*c - 28. Let n be b(7). Suppose -d = g - n, 2*d - 77 = -d + 4*g. Let o be d + -3 + 1 + 2. Calculate the highest common factor of o and 23.
23
Let j